{"id":5659,"date":"2024-01-12T17:06:18","date_gmt":"2024-01-12T16:06:18","guid":{"rendered":"https:\/\/alliancesmieuxetre.fr\/index.php\/product\/chvrefeuille\/"},"modified":"2024-02-09T10:05:13","modified_gmt":"2024-02-09T09:05:13","slug":"chevrefeuille","status":"publish","type":"product","link":"https:\/\/alliancesmieuxetre.fr\/index.php\/product\/chevrefeuille\/","title":{"rendered":"CHEVREFEUILLE 30ml p37"},"content":{"rendered":"<ul>\n<li>Action stimulant et calmant du Syst\u00e8me nerveux<\/li>\n<li>Action hypnotique doux et s\u00e9datif: n\u00e9vroses, angoisses, obsessions, peurs d\u2019anticipation. \u00c9tat d\u00e9pressif<\/li>\n<li>Hyperactivit\u00e9 et TDAH de l\u2019enfant: \u00e9tats d\u2019agitation et troubles de l\u2019attention, troubles du sommeil<\/li>\n<li>Action en cas de scl\u00e9rose en plaques<\/li>\n<li>Action d\u00e9congestionnant anti-infectieux et calmant des muqueuses respiratoires: asthme, infections des voies respiratoires sup\u00e9rieures, toux convulsive et\/ou s\u00e8che<\/li>\n<li>Action immunostimulant: affection des amygdales, de la rate, d\u00e9sordres h\u00e9patiques et urinaires<\/li>\n<li>Action sur le syst\u00e8me articulaire: gouttes, affections chroniques et \u00e9volutives des articulations<\/li>\n<\/ul>\n<p><strong><em>Pr\u00e9sence, ici et maintenant, vigilance<\/em><\/strong><br \/>\n<em>L\u2019individu est enferm\u00e9 dans son univers de d\u00e9ceptions, de regrets, de d\u00e9valorisation de soi qui le poussent \u00e0 refuser le moment pr\u00e9sent. Il craint et s\u2019adapte peu aux changements de vie, ce qui provoque de l\u2019agitation. Le Ch\u00e8vrefeuille* aide \u00e0 \u00ab faire un saut \u00bb vers une nouvelle r\u00e9alit\u00e9, encourage \u00e0 accepter pleinement la nouveaut\u00e9 et permet de retrouver du sens et de l\u2019int\u00e9r\u00eat dans l\u2019ici et maintenant<\/em><\/p>\n","protected":false},"excerpt":{"rendered":"<h3>Indications et conseils<\/h3>\n<p>&nbsp;<\/p>\n<p><strong>Posologie<\/strong><\/p>\n<ul>\n<li>Pour adulte : 5-10 gouttes\/jour, pures ou dilu\u00e9es dans une eau de source. En dehors des repas<\/li>\n<li>Pour votre enfant: A partir de 3 ans : 1 goutte\/ann\u00e9e d&rsquo;\u00e2ge; A partir de 10 ans : Voir adulte<\/li>\n<li>Pour votre animal de compagnie : 1-3 gouttes\/ 10kg de poids dans la gamelle d&rsquo;eau ou verser quelques gouttes dans la paume de la main et caresser votre animal qui se l\u00e8che<\/li>\n<li>Plan \u00e9motionnel\/\u00e9nerg\u00e9tique : 1 goutte\/jour pendant 3 mois<\/li>\n<\/ul>\n<p><strong>Pr\u00e9cautions d&#8217;emplo<\/strong>i<\/p>\n<ul>\n<li>Aucunes<\/li>\n<\/ul>\n","protected":false},"featured_media":5851,"comment_status":"open","ping_status":"closed","template":"","meta":{"site-sidebar-layout":"default","site-content-layout":"","ast-site-content-layout":"default","site-content-style":"default","site-sidebar-style":"default","ast-global-header-display":"","ast-banner-title-visibility":"","ast-main-header-display":"","ast-hfb-above-header-display":"","ast-hfb-below-header-display":"","ast-hfb-mobile-header-display":"","site-post-title":"","ast-breadcrumbs-content":"","ast-featured-img":"","footer-sml-layout":"","theme-transparent-header-meta":"default","adv-header-id-meta":"","stick-header-meta":"","header-above-stick-meta":"","header-main-stick-meta":"","header-below-stick-meta":"","astra-migrate-meta-layouts":"set","ast-page-background-enabled":"default","ast-page-background-meta":{"desktop":{"background-color":"","background-image":"","background-repeat":"repeat","background-position":"center center","background-size":"auto","background-attachment":"scroll","background-type":"","background-media":"","overlay-type":"","overlay-color":"","overlay-gradient":""},"tablet":{"background-color":"","background-image":"","background-repeat":"repeat","background-position":"center center","background-size":"auto","background-attachment":"scroll","background-type":"","background-media":"","overlay-type":"","overlay-color":"","overlay-gradient":""},"mobile":{"background-color":"","background-image":"","background-repeat":"repeat","background-position":"center center","background-size":"auto","background-attachment":"scroll","background-type":"","background-media":"","overlay-type":"","overlay-color":"","overlay-gradient":""}},"ast-content-background-meta":{"desktop":{"background-color":"var(--ast-global-color-5)","background-image":"","background-repeat":"repeat","background-position":"center center","background-size":"auto","background-attachment":"scroll","background-type":"","background-media":"","overlay-type":"","overlay-color":"","overlay-gradient":""},"tablet":{"background-color":"var(--ast-global-color-5)","background-image":"","background-repeat":"repeat","background-position":"center center","background-size":"auto","background-attachment":"scroll","background-type":"","background-media":"","overlay-type":"","overlay-color":"","overlay-gradient":""},"mobile":{"background-color":"var(--ast-global-color-5)","background-image":"","background-repeat":"repeat","background-position":"center center","background-size":"auto","background-attachment":"scroll","background-type":"","background-media":"","overlay-type":"","overlay-color":"","overlay-gradient":""}}},"product_cat":[24],"product_tag":[],"class_list":{"0":"post-5659","1":"product","2":"type-product","3":"status-publish","4":"has-post-thumbnail","6":"product_cat-gemmotherapie","7":"desktop-align-center","8":"tablet-align-center","9":"mobile-align-center","11":"first","12":"instock","13":"taxable","14":"shipping-taxable","15":"purchasable","16":"product-type-simple"},"_links":{"self":[{"href":"https:\/\/alliancesmieuxetre.fr\/index.php\/wp-json\/wp\/v2\/product\/5659","targetHints":{"allow":["GET"]}}],"collection":[{"href":"https:\/\/alliancesmieuxetre.fr\/index.php\/wp-json\/wp\/v2\/product"}],"about":[{"href":"https:\/\/alliancesmieuxetre.fr\/index.php\/wp-json\/wp\/v2\/types\/product"}],"replies":[{"embeddable":true,"href":"https:\/\/alliancesmieuxetre.fr\/index.php\/wp-json\/wp\/v2\/comments?post=5659"}],"wp:featuredmedia":[{"embeddable":true,"href":"https:\/\/alliancesmieuxetre.fr\/index.php\/wp-json\/wp\/v2\/media\/5851"}],"wp:attachment":[{"href":"https:\/\/alliancesmieuxetre.fr\/index.php\/wp-json\/wp\/v2\/media?parent=5659"}],"wp:term":[{"taxonomy":"product_cat","embeddable":true,"href":"https:\/\/alliancesmieuxetre.fr\/index.php\/wp-json\/wp\/v2\/product_cat?post=5659"},{"taxonomy":"product_tag","embeddable":true,"href":"https:\/\/alliancesmieuxetre.fr\/index.php\/wp-json\/wp\/v2\/product_tag?post=5659"}],"curies":[{"name":"wp","href":"https:\/\/api.w.org\/{rel}","templated":true}]}}